
Let s be (-10 - -7)/((-6)/278). Let y = s + -94. What are the prime factors of y?
3, 5
Let h(d) = 2*d**3 + 17*d**2 + 12*d. Let v be h(-8). Let w = 79 + v. What are the prime factors of w?
47
Let q be (162/(-5))/((6/10)/3). List the prime factors of (-1352)/(-18) + 18/q.
3, 5
Suppose -9673 = -10*m + 10777. What are the prime factors of m?
5, 409
Suppose 9*m - 16021 = -2080. List the prime factors of m.
1549
Suppose 0 = 14*o - 9*o + 55. Let a = -11 - o. Suppose 2*w - 2*x - 20 = 0, 0*w - 5*w - 2*x + 85 = a. What are the prime factors of w?
3, 5
Suppose a = -11*a + 7380. What are the prime factors of a?
3, 5, 41
Let w = -12 - -14. Suppose i - 197 = -5*j, -i = -2*j + w*i + 89. What are the prime factors of j/10 + 20*1?
2, 3
Suppose 0*f - 2*f = 2*x - 2, -5*f = 3*x - 3. Suppose -2*l - 34 - 74 = f. Let n = l + 115. List the prime factors of n.
61
Let g(j) = 31*j**2 + 3*j - 3. Let v be g(2). Suppose -v = -6*a + 125. Suppose -3*o + 2*o + a = 0. What are the prime factors of o?
2, 3, 7
Suppose 1 = -4*j + 5*j. Suppose -4*n - j = 4*w - 5, w - n = -3. Let v = 26 - w. What are the prime factors of v?
3
Suppose -l + p + 16 = 0, 2*p - 50 = -5*l + p. Let g = 20 - 0. Let w = g - l. List the prime factors of w.
3
Let v be -2 + (-4 - (-4 - -4)). Let w be v/39 + 394/26. What are the prime factors of (3 + w)*6/18?
2, 3
Let j(z) = 2*z**2 - 5*z - 10. Suppose p = -2*p + 5*y + 15, -2*p - y + 10 = 0. Suppose 22 = 4*g - 2*k, -p*g + 2*k + 27 = -0*g. List the prime factors of j(g).
3, 5
Let m(x) = -x**3 - x**2 - 2*x - 3. Let o be m(-2). Suppose 0 = y - 2, -o*p + y = 6*y - 10. Suppose p = s - 23 - 7. List the prime factors of s.
2, 3, 5
Let x(v) = 16*v - 8. Let u(f) = -f + 1. Let s(c) = -3*u(c) - x(c). Let q be s(-5). List the prime factors of (-1 + q)*(-3)/(-9).
23
Let a be 46/(-5) - 1/(-5). Let p be 1 - 0 - (-6 - a). Let z(g) = -10*g - 3. What are the prime factors of z(p)?
17
Let d = -451 - -757. List the prime factors of d.
2, 3, 17
Suppose p - 1055 = -5*y - 2*p, 3*p - 841 = -4*y. What are the prime factors of y?
2, 107
Let z(u) = u - 1. Let n(g) = -4*g**2 - g + 22. Let j(i) = -n(i) - 5*z(i). What are the prime factors of j(5)?
3, 7
Let n = 2294 + -1188. List the prime factors of n.
2, 7, 79
Suppose i - 2 = -7. Let p be (i/3)/((-4)/12). Suppose 0*w + 4*n = 2*w - 72, -p*w + 120 = 2*n. What are the prime factors of w?
2, 13
Let q = -39 + 41. Suppose 71 = v - b, -b - q*b + 263 = 4*v. What are the prime factors of v?
2, 17
Suppose 0 = n + 13 - 3. Let j be (-28)/n + (-2)/(-10). Suppose -j*w = -5*l + 52, -4*l + 17 = -2*l - 5*w. What are the prime factors of l?
11
Suppose 4*i + 3 = -5*v, -3*i - 4*v = i. What are the prime factors of (-3 - -2) + i*22?
5, 13
Let p = 5 - -23. Suppose 3*c - 20 = p. Suppose -c - 4 = -5*f. List the prime factors of f.
2
Let s(z) be the third derivative of 0*z - 1/60*z**5 + z**2 + 0 + 13/6*z**3 - 1/4*z**4. List the prime factors of s(-7).
2, 3
Suppose 0 + 6 = -3*g. What are the prime factors of (1 - -79)*g/(-5)?
2
Suppose 11*o - 1581 = 8*o. Suppose -o = -5*a + 588. What are the prime factors of a?
223
Suppose -7*w + 15741 = -4433. What are the prime factors of w?
2, 11, 131
Let d = -4 + 4. Suppose 4*p - 10 - 6 = d. Suppose 14 = -p*r + 5*r. List the prime factors of r.
2, 7
Suppose -20 = 2*d + j, -2*d + 3*d - 4 = -4*j. Let o be 18/d*(-10 + -2). List the prime factors of 4/3*o/4.
2, 3
Let d = 13 + -11. Let s(m) = -17*m + 3. Let w be s(d). Let i = -11 - w. List the prime factors of i.
2, 5
Suppose 6069 = 21*g - 11130. What are the prime factors of g?
3, 7, 13
List the prime factors of -17*-3*(-680)/(-24).
5, 17
Let m = 8 + -3. Suppose -8 = -m*r + 22. Let i(q) = 2*q - 5. List the prime factors of i(r).
7
Let q = -1286 + 2667. List the prime factors of q.
1381
Let w be 1110/7 + 15/35. Let x = w - 78. List the prime factors of x.
3
Suppose -o - 4*z - 12 = 0, 3*z + 20 = 4*o + 2*z. Suppose 5*r - 4*g - 49 = 298, r + o*g - 79 = 0. What are the prime factors of r?
71
What are the prime factors of 2 + 1367/2 + (-38)/(-76)?
2, 7
Suppose -953 = -5*r + 3*u, 2*u - u = -3*r + 583. Let b = -30 + r. List the prime factors of b.
163
Let i(l) = -51*l**3 + 7*l**2 + 21*l - 5. List the prime factors of i(-3).
2, 7
Suppose 189*x = 191*x - 414. List the prime factors of x.
3, 23
List the prime factors of (-552)/(0 - 4) + -5 + 3.
2, 17
Let l(n) be the first derivative of -n**3/3 - 12*n**2 - 28*n + 26. List the prime factors of l(-19).
67
Let q = -349 + 176. Let v = 317 + q. List the prime factors of v.
2, 3
Suppose -13*t + 12*t - 5*n + 1488 = 0, t + 4*n - 1487 = 0. List the prime factors of t.
1483
Let h(w) = -2*w**3 + 10*w**2 + 13*w - 43. List the prime factors of h(-10).
11, 257
Let b(a) = 13*a**2 - a. Let w be b(-5). Suppose -8*p + 14*p = w. Suppose 7*l - p + 13 = 0. What are the prime factors of l?
2, 3
Let j(v) = -2*v**2 - 6*v - 12. Let b(m) = m**2 + 3*m + 6. Let h(r) = -5*b(r) - 3*j(r). Let g = -10 + 3. What are the prime factors of h(g)?
2, 17
Let b(g) = 160*g**2 - 2*g - 3. Let n be b(-2). Suppose -2*h + n = 53. What are the prime factors of ((-4)/(-12))/(2/h)?
7
Suppose -5*o + 4*z + 2314 = 0, z - 4 + 5 = 0. What are the prime factors of o?
2, 3, 7, 11
Let v = -1181 - -1936. List the prime factors of v.
5, 151
Let q(o) = -o**3 - o + 1. Let v be q(2). Let z be 6/v + (-16)/(-6). Suppose 0*m + 3*c + 25 = m, z*c = -5*m + 40. What are the prime factors of m?
2, 5
Suppose 3*f - 38 + 29 = 0. Suppose f*l - 150 = -2*l. Let r = -1 + l. What are the prime factors of r?
29
Let s(g) = -g + 10. Let d be s(4). What are the prime factors of 2717/78 - (-1)/d?
5, 7
Let n = 1233 + -1139. What are the prime factors of n?
2, 47
Let y = 7 + -4. Suppose -y*p + 54 = -0*p. Suppose -9*a = -6*a - p. What are the prime factors of a?
2, 3
Let q(g) = -17*g + 5. Let c be q(5). Let k be (144/c)/(6/(-50)). Let l = k - -22. What are the prime factors of l?
37
Let t(a) = 14*a + 10. Let v(c) = c - 1. Let x(i) = -t(i) + v(i). Let y(z) = -26*z - 21. Let m(k) = -7*x(k) + 4*y(k). List the prime factors of m(-4).
3, 5
Suppose -4*o + 2*p - 3*p + 11 = 0, -3*o - 3*p + 15 = 0. Suppose -2*v = o*v + 20, 5*g - 2*v = 575. What are the prime factors of g?
113
List the prime factors of (546/(-4))/(20/(-200)).
3, 5, 7, 13
Let m be (1/(5/(-39)))/((-6)/90). Suppose -4*a - 4*j = -7*j - 483, 0 = -a - 3*j + m. What are the prime factors of a?
2, 3, 5
Suppose -7*w + 828 = -4*w. Suppose 0 = 2*c - 5*c - 5*q + w, -5*c - 5*q + 460 = 0. List the prime factors of c.
2, 23
What are the prime factors of (27/15)/(27/4995)?
3, 37
Let k(p) = -100*p - 16 + 52*p - 72 + 39*p. What are the prime factors of k(-11)?
11
Let r(j) = -2*j**2 - 35*j - 13. Let n be r(-17). Let s(l) = l**3 - 2*l**2 + 8*l + 5. List the prime factors of s(n).
3, 23
Let h(z) = 445*z**3 - 2*z**2 + z. Let y be h(1). Suppose -2*c - y = -128. Let w = -109 - c. List the prime factors of w.
7
Suppose -3*u + 8*u = -465. Let z = 3 - u. List the prime factors of z.
2, 3
Let q = 837 + -1793. What are the prime factors of (13 + -14)/(2*2/q)?
239
List the prime factors of (-739)/(28/4 + -8).
739
Let v = -888 + 1910. List the prime factors of v.
2, 7, 73
Suppose -5 = -r, -2*p + r = -0*r - 35. Suppose -p*t + 26*t = 1272. List the prime factors of t.
2, 53
Let l = 188 - -300. What are the prime factors of l?
2, 61
Suppose 0 = 4*h + 18 + 6. Let a be 2/h*(-15 - -3). Suppose -17 - a = -p. List the prime factors of p.
3, 7
Let q be 10/1 + (13 - 14). Let f be ((-66)/q)/((-4)/6). Suppose 0 = m + f - 35. List the prime factors of m.
2, 3
Let j(o) = 2*o**2 + 4*o + 4. Let z be j(-3). Let v = z - -3. List the prime factors of v.
13
What are the prime factors of (-20)/5 - 10/((-60)/126)?
17
Suppose -2*a + 212 = 3*i, 0*a - 5*a + 360 = 5*i. Let p be i/7 - (-2)/7. Let b = p + -7. What are the prime factors of b?
3
Let k(n) = 168*n**2 + 2*n. Let r be k(1). Let c = r + -95. What are the prime factors of c?
3, 5
Let b = -5501 - -10909. What are the prime factors of b?
2, 13
Let u(t) = t**2 - t + 14. Suppose 0*a - 40 = -5*a. Suppose a*x - 4*x = 0. What are the prime factors of u(x)?
2, 7
Let b(n) = 21*n + 92. List the prime factors of b(18).
2, 5, 47
Let d = 794 - 207. List the prime factors of d.
587
List the prime factors of ((-460380)/66)/(-10) - 24/44.
17, 41
List the prime factors of 7 + 8127